base 11) to base 2
11011100100011010000
Convert 1110110111111000 (base 2) to base 5.
3422140
-10110010011001010 (base 2) to base 9
-148256
What is 20210202221 (base 3) in base 16?
20b54
What is 41023242 (base 5) in base 16?
5085e
Convert -314023544 (base 6) to base 11.
-3122981
41323402 (base 5) to base 12
14438b
Convert -49754 (base 12) to base 13.
-36421
Convert 33001010022 (base 4) to base 6.
220212350
What is 56333 (base 11) in base 8?
237266
What is -18e7b (base 15) in base 7?
-454556
-15425563 (base 7) to base 2
-101101010101111111111
111757c (base 15) to base 9
25003200
Convert -b41444 (base 13) to base 7.
-50465653
-101010111001001011000 (base 2) to base 14
-28830c
Convert -8258822 (base 9) to base 2.
-10000110100011001100011
What is 38752 (base 10) in base 13?
1483c
What is 11300302203 (base 4) in base 10?
1510563
-86978 (base 10) to base 16
-153c2
8364953 (base 10) to base 2
11111111010001110011001
-26075707 (base 8) to base 5
-2441030410
Convert -61a096 (base 15) to base 4.
-101230333332
What is 28692 (base 10) in base 8?
70024
Convert 32652 (base 11) to base 7.
255046
-6157335 (base 9) to base 12
-1125672
What is 33db2 (base 14) in base 10?
126184
4313534 (base 6) to base 9
352844
Convert -111110220020 (base 3) to base 9.
-443806
210003233023 (base 4) to base 8
44035713
Convert -1133221303 (base 4) to base 5.
-100014140
What is d36db9 (base 15) in base 11?
5742597
What is -1044113433 (base 6) in base 14?
-1728457
-111c1 (base 16) to base 14
-1b77b
Convert 1a6c0a (base 15) to base 7.
13644544
1561352 (base 7) to base 8
647051
-120543004 (base 7) to base 9
-15111051
Convert 6834273 (base 10) to base 9.
13765766
11235543 (base 7) to base 4
3300033000
What is 242353 (base 8) in base 7?
464335
What is 125034 (base 6) in base 10?
11470
Convert 141036 (base 9) to base 5.
10223210
Convert -2021a4 (base 12) to base 7.
-4155526
353712 (base 10) to base 12
150840
What is 130bb4b (base 12) in base 2?
1110010100010010101011
Convert -28ce46 (base 16) to base 11.
-1567223
What is -83b2a (base 13) in base 4?
-321312232
-1010000010010101100 (base 2) to base 16
-504ac
1240351 (base 7) to base 8
472432
Convert 100010100110000100001 (base 2) to base 9.
2117006
What is -85a03 (base 11) in base 14?
-337a4
Convert 56629 (base 11) to base 10.
81948
-3243440 (base 5) to base 2
-1101101100111000
Convert -e4224 (base 16) to base 2.
-11100100001000100100
-123000100 (base 6) to base 9
-4426040
What is 100100110101100010 (base 2) in base 14?
3cdb4
-1740226 (base 10) to base 4
-12220313002
-449804 (base 10) to base 3
-211212000102
-113089 (base 14) to base 16
-8eb91
What is 152177 (base 8) in base 15?
111b9
What is -13143107 (base 8) in base 14?
-56551d
Convert -22200202202 (base 3) to base 13.
-5cb91
-2368445 (base 13) to base 5
-10301112142
What is 100100001000011000011 (base 2) in base 14?
22b671
What is 533002 (base 6) in base 3?
2012120002
1a8d9 (base 16) to base 15
2235b
Convert -1049689 (base 11) to base 8.
-7017357
Convert -111121020100 (base 3) to base 13.
-94b15
Convert 200220111022021 (base 3) to base 5.
10033014110
Convert -26726207 (base 8) to base 13.
-13247c6
10140522 (base 9) to base 14
90a435
What is 304315 (base 10) in base 14?
7cc8b
-3608641 (base 9) to base 15
-2893b7
What is 6344a4 (base 11) in base 6?
33440223
130104203 (base 5) to base 12
26399a
Convert -a0986a (base 12) to base 11.
-146113a
2000230111 (base 4) to base 10
527125
What is -772268 (base 9) in base 13?
-131a6b
-6134368 (base 9) to base 7
-36541163
What is -3302215 (base 7) in base 8?
-1425304
What is 264056 (base 8) in base 4?
112200232
-46a45 (base 11) to base 3
-10110000110
110000101111110111 (base 2) to base 6
4140223
Convert -3829c9 (base 14) to base 2.
-111010110110000100101
What is 150763 (base 8) in base 7?
312461
What is f791 (base 16) in base 14?
1914d
-1230604 (base 7) to base 4
-212300230
What is 51553 (base 12) in base 9?
171600
-1461544 (base 9) to base 14
-17074d
What is -227b92 (base 12) in base 3?
-1001002110202
7903 (base 15) to base 4
12100311
Convert -30422 (base 6) to base 16.
-fce
Convert -1011100210 (base 3) to base 13.
-a539
1a8a4 (base 11) to base 13
102a4
What is -66a65 (base 12) in base 2?
-100001010001101101
What is 49029 (base 14) in base 11?
11203a
What is -204861 (base 9) in base 10?
-121717
What is -2111000314 (base 5) in base 16?
-42ff35
Convert -115540412 (base 6) to base 12.
-8ba708
-431431 (base 6) to base 12
-18577
6623023 (base 8) to base 14
344591
2404213 (base 5) to base 2
1010110100010100
Convert 2010210200 (base 3) to base 4.
22102122
Convert 12e0a (base 15) to base 7.
341326
What is 561160 (base 7) in base 8?
301073
What is 254270 (base 8) in base 10?
88248
Convert -650414 (base 8) to base 14.
-592d6
-1e6b8 (base 15) to base 7
-562535
1039331 (base 11) to base 8
6762024
What is -33ba73 (base 15) in base 16?
-25ae6b
2153710 (base 8) to base 9
1072860
What is -853047 (base 12) in base 13?
-58686a
What is -725761 (base 8) in base 10?
-240625
Convert -5b4cb (base 13) to base 3.
-22112012101
885073 (base 9) to base 14
da8c7
5832299 (base 10) to base 13
1292885
-6d1485 (base 15) to base 16
-4fa1d7
25911 (base 12) to base 16
c8dd
Convert -535341 (base 7) to base 16.
-16bc9
What is 11090 (base 15) in base 14?
15a2b
6132 (base 15) to base 3
1001011002
Convert -100000110101011010 (base 2) to base 6.
-2514350
1021331113 (base 4) to base 7
2401123
What is 50151031 (base 6) in base 12?
582477
2323321200 (base 4) to base 5
144112012
What is -3100431 (base 8) in base 13?
-229000
What is 217582 (base 9) in base 5?
13131431
What is 4a16 (base 12) in base 2?
10000010110010
Convert 4023771 (base 8) to base 2.
100000010011111111001
-6645105 (base 10) to base 13
-14b881c
Convert 313003203 (base 4) to base 16.
370e3
85a588 (base 14) to base 3
22111210200101
Convert 101000011110010010101 (base 2) to base 7.
14162362
112cb8 (base 13) to base 16
6339b
What is -119116 (base 16) in base 2?
-100011001000100010110
What is -663904 (base 11) in base 9?
-1884001
Convert 3513599 (base 11) to base 9.
12486457
Convert -1545000 (base 11) to base 5.
-1134021120
Convert 114226 (base 9) to base 16.
10c68
What is -3555012 (base 10) in base 7?
-42134316
-948b (base 15) to base 6
-401222
Convert 133ba7 (base 13) to base 3.
212122122002
What is -34a38 (base 11) in base 15?
-ee68
-727cd (base 14) to base 10
-275953
Convert -14727400 (base 8) to base 7.
-40535014
What is -7b0b7 (base 14) in base 7?
-2354320
What is -100222000212201 (base 3) in base 6?
-305255331
Convert -168702 (base 12) to base 5.
-44404312
111000010100001110000 (base 2) to base 9
3422320
-11011001000111111110010 (base 2) to base 13
-1621507
What is 7112720 (base 9) in base 5?
1432201430
Convert 3034485 (base 12) to base 6.
521255045
-22001110121 (base 3) to base 5
-20033113
What is -40121434 (base 5) in base 9?
-533004
1457110 (base 8) to base 10
417352
-1637806 (base 11) to base 2
-1010101001101010010001
154435240 (base 6) to base 3
20012202121120
-20010211201200 (base 3) to base 6
-153544200
What is -327121 (base 9) in base 5?
-22223342
What is -2689 (base 14) in base 13?
-311c
30213310313 (base 4) to base 12
1136a1b
What is 10101000001011010 (base 2) in base 10?
86106
What is -112232102001 (base 4) in base 10?
-5956737
200110110011220 (base 3) to base 13
2056845
15430423 (base 6) to base 12
225413
What is 25335355 (base 6) in base 2?
11001000100101010111
Convert 86b61 (base 13) to base 6.
5115452
Convert -fd1c5 (base 16) to base 12.
-41bb71
-35531210 (base 6) to base 12
-459b06
1723265 (base 8) to base 11
312805
What is 1965899 (base 13) in base 7?
130664441
-7276c (base 14) to base 16
-4359c
-1110350 (base 12) to base 15
-444b49
What is -350647 (base 11) in base 3?
-1001022020122
What is 4976a03 (base 11) in base 5?
4203204024
-100101001011000001 (base 2) to base 13
-543c1
Convert 1113011 (base 4) to base 10.
5573
What is -b2ac3 (base 13) in base 15?
-64e0e
Convert 343353 (base 8) to base 11.
7a552
32201142 (base 5) to base 11
176436
-1020324204 (base 5) to base 7
-24011242
What is -2dda01 (base 14) in base 3?
-10000221012020
11110010110111110011 (base 2) to base 8
3626763
-1203221033 (base 4) to base 3
-202201212102
What is a25830 (base 11) in base 10?
1647448
Convert -3554045 (base 12) to base 7.
-15